u(h) = -3*h - 140. Let a be u(19). Let z = 257 + a. What is the remainder when z is divided by ((-2)/(-4))/(2/64)?
12
Suppose -5*b + 550 = 5*w, 58 = w - 2*b - 61. Let n = w - 105. Calculate the remainder when 95 is divided by 2 + -1 + n - 1*-3.
11
Let w(c) = 7*c**3 + 1287*c**2 - 213*c - 5254. Let z = -58 - -87. Calculate the remainder when w(-184) is divided by z.
24
Let d(u) = 6*u + 9. Let g(k) = 17*k + 27. Let v(j) = -11*d(j) + 4*g(j). Calculate the remainder when v(4) is divided by (-29)/(-3) + 17/51.
7
Let y = 43 + -30. Let i(n) = -52*n + 14. Let z(f) = 17*f - 4. Let v(b) = 5*i(b) + 16*z(b). What is the remainder when v(8) is divided by y?
11
Suppose 2073 - 123 = 50*l. Calculate the remainder when 61 is divided by l.
22
Suppose 5*g = -2*f + 32, 8*g - 7*g = 2*f - 8. Let t(q) = 33*q - 179. Calculate the remainder when 33 is divided by t(f).
14
Suppose -80*x + 31*x + 637 = 0. Calculate the remainder when 367 is divided by x.
3
Suppose 37*r + 440 = 39*r + 18*r. Suppose -l - 4*f = -233, -3*l + 663 = f + 2*f. Calculate the remainder when l is divided by r.
19
Let d be -1 + ((-8)/(-12))/(2/87). Let l be 4*-1 - d/(-4). Calculate the remainder when 37 is divided by l/(-12) + (0 - (-81)/4).
17
Let o = 6703 + -6566. Calculate the remainder when 562 is divided by o.
14
Suppose -x - n = 14, 0 = 3*x + x + n + 41. Let r(z) = -z**3 - 9*z**2 + 2*z + 2. Let w be r(x). Let t = 67 + w. What is the remainder when 201 is divided by t?
48
Let j = -2684 + 3130. What is the remainder when j is divided by 45?
41
Suppose -2*w + 234 = 3*d, -d = 5*w - 3*d - 604. Let k = -32 + 39. What is the remainder when w is divided by k + (2 + -4)*-2?
10
Let p(o) = -4 - 4*o - 4*o**2 - 1 + 1 - 3*o**3 + 5. Calculate the remainder when p(-2) is divided by 6.
5
Calculate the remainder when (-110)/30*3 - 162*-34 is divided by 39.
37
Let y(v) = 2*v**2 + 14*v + 11. Let l(i) = -i**2 - 7*i - 5. Let k(w) = 5*l(w) + 2*y(w). Let a = 3946 + -3940. What is the remainder when a is divided by k(-6)?
0
Let d(z) = -2 + 9 + z - 1. What is the remainder when d(25) is divided by (34/3)/(2/3)?
14
Let d be -3*(-1)/(6/30). Suppose -d + 63 = 4*z. Suppose -3*l = 2*l - 100. What is the remainder when l is divided by z?
8
Let w(d) = -75*d - 8076. Let c be 0 - -2 - (2 + -1). What is the remainder when -59*(6/(-2) + c) is divided by w(-108)?
22
Let x be (-1)/(-3) + (-1816)/(-24). Suppose 3*y - x = -34. Suppose -3*d = -d - 90. What is the remainder when d is divided by y?
3
Let h = -29685 + 30727. What is the remainder when h is divided by 96?
82
Let x = 448857 + -448827. Let h = 42 - -43. Calculate the remainder when h is divided by x.
25
Let o(r) = r**3 + 23*r**2 + 3*r + 74. Let n be o(-23). Suppose -5*i - 125 = -d, n*d = 3*d + 3*i + 215. What is the remainder when d is divided by 36?
28
Let x(z) = 41*z. Let b = 6463 + -6448. What is the remainder when x(4) is divided by b?
14
What is the remainder when 1654 is divided by (-12)/40 + 84916/920?
90
Suppose 251 = 10*p + 41. Suppose 0*d - 846 = -4*d + 5*q, 2*d - 424 = 3*q. What is the remainder when d is divided by p?
20
Suppose -j = 2*u + 103, 12*u + 403 = -4*j + 7*u. Let a = j + 111. What is the remainder when 47 is divided by a?
5
Suppose -5*x + 6*c - 2*c = -6903, c = 3. What is the remainder when x is divided by 66?
63
Suppose -20 = -3*l - 2*l. Suppose 4*q + 5*f = -q, -4 = l*q + 5*f. Let p(o) = o**2 - 9*o - 8. What is the remainder when q is divided by p(10)?
0
Let w = 8242 + -6045. What is the remainder when w is divided by 14?
13
Suppose 2*w - 2*i = 9740, -w + 4880 = 17*i - 16*i. Calculate the remainder when w is divided by 108.
15
Calculate the remainder when 12131 is divided by (-855)/165 - -9 - (-2)/11.
3
Suppose 5*p = -2*k + 19, -2*k + 3*k + 10 = 4*p. Suppose 0 = 4*z - 8, 8*z - 13*z - 22 = -k*s. What is the remainder when s is divided by 6?
4
Let f = -79607 + 79615. Suppose -3*r - 3 = -4*r. What is the remainder when f is divided by r?
2
Let w = -84 + 28. Let u = w + 35. Let f = 26 + u. Calculate the remainder when 37 is divided by f.
2
Let c(j) = j**2 + 11*j + 26. Let f(a) = -4*a**3 + a**2 + a - 1. Let l be f(1). Let h(x) = x**2 - 7*x - 19. What is the remainder when c(-12) is divided by h(l)?
5
What is the remainder when (-3240)/(-27) + (-24)/3 is divided by 13?
8
Let v(d) = -5*d - 87. Let w be v(-23). Suppose -c = -2 - 0. What is the remainder when -5 + 4/(w/77) is divided by c?
0
Let s = 43 + 29. Let p = 238 + -70. What is the remainder when s is divided by 23 - 2 - (p/7)/(-6)?
22
Suppose n - 4*r - 50 = 0, 3*r + 1394 = 4*n + 1272. What is the remainder when 4001 is divided by n?
23
Let f = -48 + 56. Let b(w) = -3*w + 34. Calculate the remainder when 97 is divided by b(f).
7
Suppose 0*h = 31*h - 12*h - 6517. What is the remainder when h is divided by 159?
25
Let q = -16471 + 17482. Calculate the remainder when q is divided by 29.
25
Suppose -2*h + 56*j = 51*j - 138, 0 = 5*j + 20. Let k = 680 + -151. Calculate the remainder when k is divided by h.
57
Let p(n) = n**3 - 18*n**2 - n + 18. Let y be p(18). Suppose -5*o = -o - y*o. Suppose o*f = -3*f + 129. What is the remainder when 85 is divided by f?
42
Let x(y) = 13*y + 2. Let a be x(1). Suppose -a = -b - 4*b. Suppose -4*q + 576 = -0*n + b*n, -12 = -3*n. Calculate the remainder when q is divided by 24.
21
Let d(x) = 2*x**3 - x**2 + 12*x + 61. What is the remainder when 190 is divided by d(0)?
7
Let l be 164/12 - (-72)/54. Let w(g) = -8*g + 1. What is the remainder when 28*1 + l/15 is divided by w(-2)?
12
Let i = -10670 + 10700. What is the remainder when i is divided by 7?
2
Suppose 5*s - z + 55 - 217 = 0, 5*z - 86 = -3*s. Let o(n) = -n**3 - 4*n**2 + 2*n - 9. What is the remainder when s is divided by o(-5)?
2
Suppose f = a + 34, 2*a + 3 = 5*a. Suppose -27 + f = n. Calculate the remainder when 47 is divided by n.
7
Let y = 2616 - 2584. Calculate the remainder when 208 is divided by y.
16
Let b = 15429 - 15423. Calculate the remainder when (44/8)/((-2)/(-12)) is divided by b.
3
Let m be (-24)/(-14) + (-20)/(-70). Let v = -1592 + 1608. Calculate the remainder when (24/(-9) + m)*-42 is divided by v.
12
What is the remainder when (586/15)/((-2)/(-10)) - (-16)/(-48) is divided by 21?
6
Suppose 928*t + 1464 = 936*t. What is the remainder when 365 is divided by t?
182
Let p = 463 + -66. Suppose g - 3*w = p, -22*w = -5*g - 17*w + 2025. What is the remainder when g is divided by 59?
55
Suppose -2*g - 48 = -2*l, 2*l = -5*g + 10*g + 108. Let z = 218 - g. Calculate the remainder when z is divided by 10.
8
Let h(a) = -12*a**2 + 1305*a + 441. Calculate the remainder when 1261 is divided by h(109).
7
Suppose -4*y - 9 = -7*y. Suppose 4*i + 5*m = 211, y*i - 5*m - 140 = -8. Let l = 165 + -147. What is the remainder when i is divided by l?
13
Let l = -2668 - -2798. Calculate the remainder when l is divided by 63.
4
Suppose 24 = 8*a - 5*a. Suppose -a + 324 = 4*v. Suppose -6*y = l - 2*y, 0 = -3*y - 15. Calculate the remainder when v is divided by l.
19
Let h(d) = -7*d - 2. Let z be h(-5). Let i = -18 + z. Let r = 57 - -30. Calculate the remainder when r is divided by i.
12
Let t = 161 - 64. Let h = t - 141. Let o = 58 + h. What is the remainder when 41 is divided by o?
13
Let i(c) = 2*c**2 + 12*c + 30. Let z be i(-6). Suppose 27*b - z*b + 27 = 0. Calculate the remainder when 33 is divided by b.
6
Let f(v) = 7*v**2 - 41*v - 288. What is the remainder when f(-9) is divided by 163?
159
Let s(k) = k - 3*k**2 + 5 + 0*k**2 + 79*k**3 - 78*k**3. What is the remainder when 448 is divided by s(4)?
23
Suppose 5*c = j + 463, -257 = -29*c + 26*c - 2*j. What is the remainder when 96 is divided by c?
5
Let x be (-1)/6 - 50/(-12). Suppose -x*z = 4 - 24, z = t - 9. What is the remainder when 65 is divided by t?
9
Suppose -4*s - 28 = -3*g, 96*g - 2*s - 24 = 92*g. Let a(q) = -q**3 - 3*q**2 + 4*q + 4. Calculate the remainder when a(-4) is divided by g.
0
Let g = -23 + 32. Suppose 5*m = -5*l + 375, l + 0 + 2 = 0. What is the remainder when m is divided by (12/g)/(-4) - (-316)/12?
25
Let x = -6752 - -6940. Calculate the remainder when 369 is divided by x.
181
Let h = -110 - -130. Suppose -h = -4*i + 32. Calculate the remainder when i is divided by 9.
4
Suppose 9*o - 344 = 655. What is the remainder when (489/(-4))/(o/(-148)) is divided by 1